{"id":34,"date":"2016-12-02T19:22:47","date_gmt":"2016-12-02T18:22:47","guid":{"rendered":"http:\/\/192.168.42.25\/~zarquon\/test\/wordpress\/wordpress461\/?page_id=34"},"modified":"2021-05-20T10:42:05","modified_gmt":"2021-05-20T08:42:05","slug":"kurse","status":"publish","type":"page","link":"https:\/\/mgh-bochum.de\/?page_id=34","title":{"rendered":"Kurse"},"content":{"rendered":"<div class=\"personnal-widget-info\">\n<h6 class=\"personnal-name\"><strong>Bildungswerk Pro Integration<\/strong><\/h6>\n<\/div>\n<p><a href=\"https:\/\/goo.gl\/maps\/ap29Q\" target=\"_blank\" rel=\"noopener\">Normannenstra\u00dfe 34<\/a><br \/>\n<a href=\"https:\/\/goo.gl\/maps\/ap29Q\" target=\"_blank\" rel=\"noopener\">44793 Bochum<\/a><\/p>\n<p>Tel.: <a href=\"tel:023492336239\">0234 \/ 923 362 39<\/a><br \/>\nFax: 0234 \/ 923 362 41<\/p>\n<p>EMail: <a href=\"mailto:bildungswerk@ifak-bochum.de\">bildungswerk@ifak-bochum.de<\/a><\/p>\n<p><strong>Kontakt:<\/strong><\/p>\n<p><strong>f\u00fcr Berufssprachkurse (DeuF\u00f6)<br \/>\n<\/strong>Ansprechperson: Annika Trelle<\/p>\n<p>Tel.: <a href=\"tel:023464040242\">0234 \/ 640 402 42<\/a><br \/>\nMobil: <a href=\"tel:015120580307\">0151 \/ 2058 0307<\/a><\/p>\n<p>EMail: <a href=\"mailto:deufoe@ifak-bochum.de\">deufoe@ifak-bochum.de<\/a><\/p>\n<p><strong>f\u00fcr Integrationskurse und niederschwellige <\/strong><strong>Sprachkurse:<br \/>\n<\/strong>Ansprechperson: Sne\u017eana \u0106uruvija<\/p>\n<p>Tel.:<a href=\"tel: 023464040241\"> 0234 \/ 640 402 41<\/a><\/p>\n<p>EMail:<a href=\"mailto:integrationskurse@ifak-bochum.de\"> integrationskurse@ifak-bochum.de<\/a><\/p>\n<p><strong>f\u00fcr allgemeine Bildungsangebote:<br \/>\n<\/strong>Ansprechperson: G\u00fcl\u00fcstan Karatag<strong><br \/>\n<\/strong><\/p>\n<p>Tel.: <a href=\"tel:023497619217\">0234 \/ 976 192 17<\/a><\/p>\n<p>EMail: <a href=\"mailto:bildungswerk@ifak-bochum.de\">bildungswerk@ifak-bochum.de<\/a><\/p>\n<p><strong>Leitung des Fachbereichs Migration u. Bildung<\/strong><br \/>\nRoman Gerhold<\/p>\n<p>Tel.: <a href=\"tel:023432589902\">0234 \/ 325 899 02<\/a><br \/>\nFax: 0234 \/ 923 362 41<\/p>\n<p>EMail: <a href=\"mailto:gerhold@ifak-bochum.de\">gerhold@ifak-bochum.de<\/a><\/p>\n<h6 class=\"personnal-widget-content\"><\/h6>\n<div id=\"wrapper\">\n<div id=\"inhalt\">\n<h6 id=\"main\"><\/h6>\n<\/div>\n<\/div>\n","protected":false},"excerpt":{"rendered":"<p>Bildungswerk Pro Integration Normannenstra\u00dfe 34 44793 Bochum Tel.: 0234 \/ 923 362 39 Fax: 0234 \/ 923 362 41 EMail: bildungswerk@ifak-bochum.de Kontakt: f\u00fcr Berufssprachkurse (DeuF\u00f6) Ansprechperson: Annika Trelle Tel.: 0234 \/ 640 402 42 Mobil: 0151 \/ 2058 0307 EMail: deufoe@ifak-bochum.de f\u00fcr Integrationskurse und niederschwellige Sprachkurse: Ansprechperson: Sne\u017eana \u0106uruvija Tel.: 0234 \/ 640 402 41 [&hellip;]<\/p>\n","protected":false},"author":1,"featured_media":0,"parent":7,"menu_order":70,"comment_status":"closed","ping_status":"closed","template":"","meta":{"footnotes":""},"class_list":["post-34","page","type-page","status-publish"],"_links":{"self":[{"href":"https:\/\/mgh-bochum.de\/index.php?rest_route=\/wp\/v2\/pages\/34","targetHints":{"allow":["GET"]}}],"collection":[{"href":"https:\/\/mgh-bochum.de\/index.php?rest_route=\/wp\/v2\/pages"}],"about":[{"href":"https:\/\/mgh-bochum.de\/index.php?rest_route=\/wp\/v2\/types\/page"}],"author":[{"embeddable":true,"href":"https:\/\/mgh-bochum.de\/index.php?rest_route=\/wp\/v2\/users\/1"}],"replies":[{"embeddable":true,"href":"https:\/\/mgh-bochum.de\/index.php?rest_route=%2Fwp%2Fv2%2Fcomments&post=34"}],"version-history":[{"count":36,"href":"https:\/\/mgh-bochum.de\/index.php?rest_route=\/wp\/v2\/pages\/34\/revisions"}],"predecessor-version":[{"id":2002,"href":"https:\/\/mgh-bochum.de\/index.php?rest_route=\/wp\/v2\/pages\/34\/revisions\/2002"}],"up":[{"embeddable":true,"href":"https:\/\/mgh-bochum.de\/index.php?rest_route=\/wp\/v2\/pages\/7"}],"wp:attachment":[{"href":"https:\/\/mgh-bochum.de\/index.php?rest_route=%2Fwp%2Fv2%2Fmedia&parent=34"}],"curies":[{"name":"wp","href":"https:\/\/api.w.org\/{rel}","templated":true}]}}