{"id":69,"date":"2016-12-02T22:35:25","date_gmt":"2016-12-02T21:35:25","guid":{"rendered":"http:\/\/mgh.ifak-bochum.de\/?page_id=69"},"modified":"2019-12-14T21:54:43","modified_gmt":"2019-12-14T20:54:43","slug":"integrationsarbeit-im-mehrgenerationenhaus","status":"publish","type":"page","link":"https:\/\/mgh-bochum.de\/?page_id=69","title":{"rendered":"Integrationsarbeit im Mehrgenerationenhaus"},"content":{"rendered":"<h2>Arbeitsbereich Einwanderung<\/h2>\n<p>Dieser Arbeitsbereich richtet sich sowohl an die Zielgruppe der Ersteinwanderer, Zuwanderer, die schon l\u00e4nger in Deutschland leben und auch gefl\u00fcchtete Schutzsuchende.<\/p>\n<p>Wir m\u00f6chten mit unseren Dienstleistungen einen Teil dazu beitragen, dass Teilhabe- und Teilnahmechancen an Bildung, wirtschaftlichen, rechtlichen, politischen und kulturellen G\u00fctern sichergestellt werden. Doch richtet sich unsere Integrationsarbeit nicht nur an die Zuwandererbev\u00f6lkerung, sondern in gleichem Ma\u00dfe auch an die Mehrheitsgesellschaft. Wir unterst\u00fctzen und begleiten Institutionen und Regeldienste in ihrem Bem\u00fchen der interkulturellen \u00d6ffnung.<\/p>\n<p>F\u00fcr eine gelungene Integration kommt den verbesserten Bildungschancen der Migrantenbev\u00f6lkerung hierbei eine zentrale Bedeutung zu, wobei der Erwerb von Sprache einen wichtigen Schl\u00fcsselfaktor darstellt.<\/p>\n<h4>Zu unseren Dienstleistungen geh\u00f6ren:<\/h4>\n<ul>\n<li>Deutschkurse f\u00fcr Asylberechtigte<\/li>\n<li>Angebote\u00a0der\u00a0Integrationsagenturen der IFAK e.V.<\/li>\n<li>Elternberatung\/ -begleitung<\/li>\n<li>Gesundheitsberatung<\/li>\n<li>Muttersprachliche Kurse und Informationsveranstaltungen<\/li>\n<\/ul>\n<h2>Integrationsagenturen der\u00a0IFAK e.V.<\/h2>\n<p>Integrationsagenturen der IFAK e.V. konzentrieren sich auf die Arbeit der\u00a0nachholenden Integration f\u00fcr die Zielgruppe\u00a0der bereits l\u00e4nger in Bochum lebenden Zuwanderer\u00a0mit einem gesicherten und auf Dauer angelegten Aufenthalt.<\/p>\n<p>Hinsichtlich ihrer Aufgabenstruktur haben die Integrationsagenturen jedoch eine Neuausrichtung erfahren: Statt des \u201eklassischen\u201c Beratungsangebotes soll sie nun fokussiert Integrationschancen und -probleme erkennen, benennen und in partnerschaftlicher Zusammenarbeit mit freien und \u00f6ffentlichen Tr\u00e4gern und Migrantenselbstorganisationen nach L\u00f6sungen suchen. Somit bestehen ihre Hauptaufgaben darin, die Vernetzung von Selbstorganisationen zu unterst\u00fctzen, Potenziale b\u00fcrgerschaftlichen Engagements zu aktivieren und zusammenzuf\u00fchren, die interkulturelle \u00d6ffnung von Beratungsdiensten und Institutionen zu f\u00f6rdern, interreligi\u00f6se Dialogprozesse kompetent zu begleiten sowie im Stadtteil erforderliche Integrationsma\u00dfnahmen zu initiieren und moderieren.<\/p>\n<p><strong>\u00a0<\/strong><\/p>\n","protected":false},"excerpt":{"rendered":"<p>Arbeitsbereich Einwanderung Dieser Arbeitsbereich richtet sich sowohl an die Zielgruppe der Ersteinwanderer, Zuwanderer, die schon l\u00e4nger in Deutschland leben und auch gefl\u00fcchtete Schutzsuchende. Wir m\u00f6chten mit unseren Dienstleistungen einen Teil dazu beitragen, dass Teilhabe- und Teilnahmechancen an Bildung, wirtschaftlichen, rechtlichen, politischen und kulturellen G\u00fctern sichergestellt werden. Doch richtet sich unsere Integrationsarbeit nicht nur an die [&hellip;]<\/p>\n","protected":false},"author":1,"featured_media":0,"parent":77,"menu_order":20,"comment_status":"closed","ping_status":"closed","template":"","meta":{"footnotes":""},"class_list":["post-69","page","type-page","status-publish"],"_links":{"self":[{"href":"https:\/\/mgh-bochum.de\/index.php?rest_route=\/wp\/v2\/pages\/69","targetHints":{"allow":["GET"]}}],"collection":[{"href":"https:\/\/mgh-bochum.de\/index.php?rest_route=\/wp\/v2\/pages"}],"about":[{"href":"https:\/\/mgh-bochum.de\/index.php?rest_route=\/wp\/v2\/types\/page"}],"author":[{"embeddable":true,"href":"https:\/\/mgh-bochum.de\/index.php?rest_route=\/wp\/v2\/users\/1"}],"replies":[{"embeddable":true,"href":"https:\/\/mgh-bochum.de\/index.php?rest_route=%2Fwp%2Fv2%2Fcomments&post=69"}],"version-history":[{"count":11,"href":"https:\/\/mgh-bochum.de\/index.php?rest_route=\/wp\/v2\/pages\/69\/revisions"}],"predecessor-version":[{"id":644,"href":"https:\/\/mgh-bochum.de\/index.php?rest_route=\/wp\/v2\/pages\/69\/revisions\/644"}],"up":[{"embeddable":true,"href":"https:\/\/mgh-bochum.de\/index.php?rest_route=\/wp\/v2\/pages\/77"}],"wp:attachment":[{"href":"https:\/\/mgh-bochum.de\/index.php?rest_route=%2Fwp%2Fv2%2Fmedia&parent=69"}],"curies":[{"name":"wp","href":"https:\/\/api.w.org\/{rel}","templated":true}]}}