{"id":77,"date":"2016-12-02T22:39:32","date_gmt":"2016-12-02T21:39:32","guid":{"rendered":"http:\/\/mgh.ifak-bochum.de\/?page_id=77"},"modified":"2017-04-10T11:13:27","modified_gmt":"2017-04-10T09:13:27","slug":"kultur","status":"publish","type":"page","link":"https:\/\/mgh-bochum.de\/?page_id=77","title":{"rendered":"Kultur"},"content":{"rendered":"<h2>Interkulturelle und interreligi\u00f6se Veranstaltungen und Projekte<\/h2>\n<p>\nAufgrund der unterschiedlichen kulturellen Einfl\u00fcsse und Pr\u00e4gungen auf unser Leben soll der Kulturbegriff in der multikulturellen Arbeit alle Lebensbereiche umfassen, von Alltagskultur \u00fcber Sprachkultur und Religionskultur bis hin zu den musischen K\u00fcnsten.\u00a0Kultur sehen wir in unserer Arbeit als Bindeglied zwischen Einwanderungs- und Mehrheitsgesellschaft, somit auch als Integrationsfaktor.\n<\/p>\n<p>\nAber Kultur ist auch ein Bildungsinstrument und kann helfen, die eigene Identit\u00e4t zu entwickeln, zu festigen und den Erfahrungshorizont zu erweitern.\u00a0So sehen wir jede Ausdrucksform, mit der Menschen sich mit ihrem Lebensumfeld auseinander setzen, als Teil kultureller Aktivit\u00e4t.<\/p>\n<p>\nIm Rahmen unserer Generationenarbeit ist es uns wichtig, R\u00e4ume mit Atmosph\u00e4re zu schaffen, in denen Menschen unterschiedlicher Ethnie, Herkunft und Generation\u00a0miteinander feiern, genie\u00dfen, sich kennen lernen und kommunizieren k\u00f6nnen.<\/p>\n<p>\nInterkulturelle Veranstaltungen bieten hierf\u00fcr eine gute Grundlage und sind fester Bestandteil unseres Mehrgenerationenhauses.\u00a0Sie geh\u00f6ren zur Stadtteilkultur und finden gro\u00dfe Akzeptanz in der Bev\u00f6lkerung. Diese Veranstaltungen widmen sich unterschiedlichen kulturellen Schwerpunkten, Musik- und Themenabende\u00a0zu unterschiedlichen L\u00e4ndern und Diavortr\u00e4ge geh\u00f6ren genauso dazu wie Lesungen, Ausstellungen und (Kinder-) Theatervorf\u00fchrungen.<\/p>\n<p>\nEin weiterer Bestandteil unserer interkulturellen Arbeit sind die interreligi\u00f6sen Feste und Veranstaltungen.\u00a0Gerade als nichtreligi\u00f6s definierte Organisation von Migranten\/innen und Deutschen bieten wir eine gute Basis zur Unterst\u00fctzung des interreligi\u00f6sen Dialogs.\n<\/p>\n<p>Wir agieren als Veranstalter von gro\u00dfen und kleinen interkulturellen Stadtteilfesten, wo sowohl Profis als auch Stadtteilk\u00fcnstler ihre B\u00fchne haben.<\/p>\n<p>Aktuelle Termine und Veranstaltungen finden Sie <a href=\"http:\/\/www.mgh-bochum.de\/index.php?id=6&amp;no_cache=1\">hier<\/a>.<\/p>\n","protected":false},"excerpt":{"rendered":"<p>Interkulturelle und interreligi\u00f6se Veranstaltungen und Projekte Aufgrund der unterschiedlichen kulturellen Einfl\u00fcsse und Pr\u00e4gungen auf unser Leben soll der Kulturbegriff in der multikulturellen Arbeit alle Lebensbereiche umfassen, von Alltagskultur \u00fcber Sprachkultur und Religionskultur bis hin zu den musischen K\u00fcnsten.\u00a0Kultur sehen wir in unserer Arbeit als Bindeglied zwischen Einwanderungs- und Mehrheitsgesellschaft, somit auch als Integrationsfaktor. Aber Kultur [&hellip;]<\/p>\n","protected":false},"author":1,"featured_media":0,"parent":0,"menu_order":30,"comment_status":"closed","ping_status":"closed","template":"","meta":{"footnotes":""},"class_list":["post-77","page","type-page","status-publish"],"_links":{"self":[{"href":"https:\/\/mgh-bochum.de\/index.php?rest_route=\/wp\/v2\/pages\/77","targetHints":{"allow":["GET"]}}],"collection":[{"href":"https:\/\/mgh-bochum.de\/index.php?rest_route=\/wp\/v2\/pages"}],"about":[{"href":"https:\/\/mgh-bochum.de\/index.php?rest_route=\/wp\/v2\/types\/page"}],"author":[{"embeddable":true,"href":"https:\/\/mgh-bochum.de\/index.php?rest_route=\/wp\/v2\/users\/1"}],"replies":[{"embeddable":true,"href":"https:\/\/mgh-bochum.de\/index.php?rest_route=%2Fwp%2Fv2%2Fcomments&post=77"}],"version-history":[{"count":3,"href":"https:\/\/mgh-bochum.de\/index.php?rest_route=\/wp\/v2\/pages\/77\/revisions"}],"predecessor-version":[{"id":347,"href":"https:\/\/mgh-bochum.de\/index.php?rest_route=\/wp\/v2\/pages\/77\/revisions\/347"}],"wp:attachment":[{"href":"https:\/\/mgh-bochum.de\/index.php?rest_route=%2Fwp%2Fv2%2Fmedia&parent=77"}],"curies":[{"name":"wp","href":"https:\/\/api.w.org\/{rel}","templated":true}]}}